hat is p(-107)?
232
Let c(m) = -31*m**2 - 1024*m + 16218. Calculate c(-45).
-477
Let g(w) = 2*w**3 + 31*w**2 + 91*w - 130. Give g(-16).
-1842
Let s(x) = 58718*x + 234860. Give s(-4).
-12
Let q(l) = 47498*l - 379991. Give q(8).
-7
Let x(p) = 2089*p - 217314. Calculate x(104).
-58
Let z(c) = -7*c**2 + 285*c - 2948. Calculate z(21).
-50
Let r(v) = -23*v**3 - 226*v**2 + 7*v + 9. What is r(-10)?
339
Let p(k) = -k**3 + 2568*k**2 + 18018*k - 35. What is p(-7)?
14
Let b(u) = 11324*u + 1675932. Calculate b(-148).
-20
Let s(d) = 62891*d + 1320706. Determine s(-21).
-5
Let a(q) = q**3 - 549*q - 3458. Give a(-7).
42
Let i(v) = v**3 + 182*v**2 + 9*v - 132. Determine i(0).
-132
Let k(j) = -468*j - 1428. Determine k(-3).
-24
Let l(o) = 3*o**3 + 143*o**2 - 206*o + 331. Calculate l(-49).
821
Let p(y) = 17*y - 2218. Give p(65).
-1113
Let g(l) = -14316*l - 215330. Determine g(-15).
-590
Let l(z) = -2*z**2 + 811*z - 3110. Determine l(403).
-1095
Let z(c) = -9864*c - 177615. What is z(-18)?
-63
Let a(p) = -p**2 - 5995*p - 1692286. What is a(-297)?
20
Let t(h) = -h**3 + 438*h**2 - 24181*h - 4153. What is t(65)?
7
Let f(h) = -1745*h + 21039. Determine f(12).
99
Let u(k) = 1982*k**2 + 204154*k + 740. Determine u(-103).
-84
Let h(w) = w**2 - 134*w + 4393. Determine h(54).
73
Let g(c) = 15*c**3 - 408*c**2 + 81*c + 58. Give g(27).
58
Let h(r) = 2*r**3 + 6*r**2 + 1160*r - 7004. Give h(6).
604
Let k(l) = 4*l**2 - 78*l - 14. Determine k(4).
-262
Let n(m) = -452*m**3 + 2*m**2 + 346*m + 700. What is n(-2)?
3632
Let d(t) = -590*t - 46746. Give d(-79).
-136
Let p(l) = l**3 + 29*l**2 - 120*l + 36. What is p(-32)?
804
Let p(i) = i**3 + 65*i**2 + 559*i - 1855. What is p(-54)?
35
Let v(y) = 6*y**2 + 232*y + 2268. Determine v(-20).
28
Let a(k) = -9*k**2 + 5*k + 494. Calculate a(5).
294
Let h(y) = -y**3 + 199*y**2 - 6960*y + 1336. Determine h(45).
-14
Let u(i) = -i**3 + 34*i**2 - 9460*i - 2. Calculate u(0).
-2
Let v(m) = 567*m**3 - 3398*m**2 - 24*m + 71. Calculate v(6).
71
Let p(g) = g**3 + 45*g**2 + 1353*g + 3683. Calculate p(-3).
2
Let u(z) = -2*z**2 - 1396*z - 71933. Give u(-56).
-29
Let o(p) = 26*p**3 - 2186*p**2 + 55*p + 9492. What is o(84)?
0
Let d(i) = i**3 + 153*i**2 + 130*i - 48011. Determine d(-150).
-11
Let u(n) = 688*n - 8655. Calculate u(12).
-399
Let z(r) = r**3 + 62*r**2 + 86*r + 5314. Give z(-62).
-18
Let u(l) = l**2 + 99*l - 9011. What is u(-162)?
1195
Let u(w) = w**3 - 12*w**2 - 18928*w + 227147. Give u(12).
11
Let w(p) = -14*p**3 + 194*p**2 - 142*p + 2413. Determine w(14).
33
Let t(o) = -6*o**3 - 215*o**2 - 185*o - 357. Give t(-35).
-7
Let k(m) = 57*m**2 - 63*m - 289. Give k(-4).
875
Let c(y) = -y**3 + 2911*y + 63. Determine c(-54).
333
Let b(z) = 2385*z - 298114. Determine b(125).
11
Let b(t) = 16*t**3 + 351*t**2 - 215*t - 4335. What is b(-22)?
-89
Let p(m) = -2*m**3 - 35*m**2 + 193*m + 1471. What is p(-21)?
505
Let a(n) = -9*n**2 + 1534*n + 928. Determine a(171).
73
Let c(o) = -7*o**2 - 12273*o + 396265. Give c(-1785).
-5
Let p(d) = -3310*d + 72783. Determine p(22).
-37
Let q(d) = 80337*d - 11247205. Determine q(140).
-25
Let w(m) = -m**3 - 1246*m**2 - 14626*m + 224595. Calculate w(-1234).
7
Let c(s) = 7291*s + 736415. Calculate c(-101).
24
Let r(o) = 3211*o - 12849. What is r(4)?
-5
Let r(y) = -2057734*y + 14404153. Calculate r(7).
15
Let p(f) = -2487*f + 447659. Calculate p(180).
-1
Let i(z) = -2534*z - 179928. What is i(-71)?
-14
Let v(n) = -6550*n + 32390. Calculate v(5).
-360
Let b(a) = 13016*a + 156199. What is b(-12)?
7
Let b(h) = 3099*h + 40385. Give b(-13).
98
Let i(y) = -y**2 + 12*y + 1255. Give i(-29).
66
Let d(t) = -1898*t + 9657. Calculate d(5).
167
Let i(y) = -676*y - 4443. Determine i(-6).
-387
Let y(p) = 1001*p**3 - 2*p**2 + 9*p + 9. What is y(-1)?
-1003
Let u(h) = -85*h**2 + 1858*h - 3723. Calculate u(2).
-347
Let g(y) = -2*y**2 + 4904*y + 74003. Calculate g(-15).
-7
Let i(n) = 15*n - 578. Determine i(20).
-278
Let j(x) = -45*x**2 - 959*x + 6916. What is j(-27)?
4
Let k(f) = 12*f**2 - 3032*f + 2010. Determine k(252).
-6
Let y(j) = -2*j**3 + 7*j**2 - 9*j + 9. What is y(2)?
3
Let u(w) = w**2 + 5802*w - 69831. Give u(12).
-63
Let f(m) = 1052*m - 436544. What is f(415)?
36
Let g(q) = -49*q**2 + 452*q + 3201. Determine g(14).
-75
Let h(u) = 7*u**2 - 490*u + 107. Give h(70).
107
Let v(u) = -7*u**3 + 17*u**2 + 18*u + 14. Give v(5).
-346
Let m(k) = 29*k**2 - 5708*k - 1017. Calculate m(197).
-32
Let f(q) = -416*q**2 + 19552*q + 54. What is f(47)?
54
Let j(r) = 144040*r + 864241. What is j(-6)?
1
Let u(l) = l**2 + 32*l - 116. Determine u(-39).
157
Let s(r) = -2*r**3 + 35*r**2 - 281*r + 2387. What is s(13)?
255
Let s(p) = -p**2 - 3406*p + 243305. Give s(70).
-15
Let k(i) = 2085*i - 1006895. Determine k(483).
160
Let z(w) = -67*w**3 + 31*w**2 - 541*w + 509. What is z(1)?
-68
Let m(l) = -71506*l - 3360778. Calculate m(-47).
4
Let q(j) = -6*j**3 + 10244*j**2 - 71415*j + 16. What is q(7)?
9
Let l(o) = -89518*o + 1342849. Give l(15).
79
Let n(y) = -2*y**3 - 15*y**2 + 8118*y + 32496. Calculate n(-4).
-88
Let m(b) = -1713*b - 54901. Give m(-32).
-85
Let a(t) = 3714*t**2 - 3792*t + 61. What is a(1)?
-17
Let q(v) = -6*v**2 - 26279*v + 52577. Give q(2).
-5
Let p(b) = 47932*b + 2444510. What is p(-51)?
-22
Let n(f) = 5*f**3 + 9*f**2 + 206*f + 951. Determine n(-6).
-1041
Let z(u) = 4*u**3 + 59*u**2 + 30*u + 683. Determine z(-15).
8
Let r(l) = 8962*l + 349521. Determine r(-39).
3
Let s(h) = 6*h**2 + 1478*h - 10644. Calculate s(7).
-4
Let q(g) = -6*g**2 - 5205*g + 133876. Calculate q(25).
1
Let d(f) = f**3 - 2*f**2 + 218*f + 1945. What is d(-7)?
-22
Let c(a) = 9353*a - 28679. Give c(3).
-620
Let n(x) = 14*x + 2205. What is n(-62)?
1337
Let i(x) = -10*x**2 + 1997*x - 28954. Determine i(184).
-66
Let q(o) = -5226*o + 810035. What is q(155)?
5
Let v(j) = -1587*j + 368296. Calculate v(232).
112
Let w(p) = 2*p**3 - 7*p**2 + 505*p + 4535. What is w(-7)?
-29
Let o(j) = j**3 - 115*j**2 + 10427*j - 1152708. Determine o(113).
5
Let d(s) = s**2 + 353*s + 14674. Determine d(-48).
34
Let k(p) = -5423*p + 3145400. Calculate k(580).
60
Let f(a) = -34*a**2 - 1766*a - 1587. Determine f(-51).
45
Let u(j) = 3160*j + 442431. Calculate u(-140).
31
Let x(s) = -5580*s - 329224. Give x(-59).
-4
Let k(x) = -4571*x - 9340. Calculate k(-2).
-198
Let f(n) = 62*n**2 + 828*n + 23. Give f(-11).
-1583
Let j(i) = 46643*i + 326795. Calculate j(-7).
294
Let t(k) = 37*k + 762. Give t(-8).
466
Let l(q) = -37314*q + 2052270. Determine l(55).
0
Let t(o) = -o**3 - 13362*o**2 - 120180*o - 26. Calculate t(-9).
1
Let n(u) = u**3 - 19*u**2 + 6*u + 44. What is n(20)?
564
Let r(n) = 3535*n + 28171. What is r(-8)?
-109
Let k(j) = -189*j**2 - 43*j + 2. Determine k(1).
-230
Let w(a) = -2*a**3 - 27*a**2 + 195*a + 2273. Give w(-15).
23
Let v(m) = -m**3 - 562*m**2 - 19414*m + 5780. Determine v(-525).
5
Let d(j) = -987*j**2 + 58134*j + 5857. Give d(59).
16
Let p(i) = i**3 - 135*i**2 - 345*i - 9519. What is p(138)?
3
Let j(b) = 2407*b + 594459. What is j(-247)?
-70
Let t(s) = -s**3 - 42*s**2 - 965*s - 30877. Give t(-38).
17
Let j(s) = -382*s + 76510. Give j(201).
-272
Let t(q) = -140*q + 17874. Calculate t(128).
-46
Let w(z) = -42*z**2 + 838*z + 4163. Give w(-5).
-1077
Let a(m) = -5*m**3 - 3176*m**2 + 5736*m + 2017. Calculate a(-637).
106
Let q(t) = 9*t**3 + 55*t**2 - 72*t + 3. What is q(1)?
-5
Let b(d) = -6*d**2 - 404*d + 6559. Calculate b(14).
-273
Let d(x) = 4*x**2 - 2253*x - 22941. Calculate d(-10).
-11
Let b(q) = -2*q**3 - 93*q**2 - 82*q - 1578. Give b(-46).
78
Let k(q) = 103*q**2 + 410*q + 1. Calculate k(-4).
9
Let k(j) = 3*j**3 - 471*j**2 - 2*j - 474. What is k(157)?
-788
Let f(t) = 68*t**2 + 18811*t - 6947. Calculate f(-277).
-22
Let f(x) = -x**3 + 91*x**2 - 903*x - 3589. Calculate f(79).
-34
Let w(j) = -173*j**2 - 552*j - 12. Give w(-3).
87
Let b(c) = 1468*c + 52073. Give b(-35).
693
Let g(l) = -7722*l - 1235642. Determine g(-160).
-122
Let f(s) = -2*s**2 + 648*s + 756500. Give f(-474).
-4
Let q(v) = v**3 - 62*v**2 - 1797*v + 4478. Determine q(83).
-4
Let b(l) = -289356*l + 578729. Calculate b(2).
17
Let q(f) = f**3 + 24*f**2 + 147*f + 108. Determine q(-15).
-72
Let t(g) = -4*g**2 + 931*g + 114530. What is t(-89)?
-13
Let x(d) = -2*d**3 + 205*d**2 + 4486*d - 1126. Calculate x(121).
-37
Let w(b) = 466*b**2 + 5